ate j(-12).
7
Let r(k) = k**2 - 24*k - 108. What is r(28)?
4
Let n(x) = -3*x + 23. What is n(11)?
-10
Let u(g) = -g**2 + 9*g - 27. Calculate u(3).
-9
Let n(j) = -55*j**3. Determine n(-1).
55
Let d(y) = y**2 - 9*y + 22. Calculate d(6).
4
Let u(c) = c**2 + 15*c + 40. What is u(-12)?
4
Let h(y) = 2*y**2 + 37*y - 44. Determine h(-18).
-62
Let m(l) = 3*l + 16. Calculate m(-14).
-26
Let u(d) = -20*d + 312. Give u(16).
-8
Let i(s) = s**3 - 24*s**2 - 26*s + 20. Give i(25).
-5
Let d(i) = i**2 - 4*i - 7. Give d(8).
25
Let g(f) = 20*f + 3. Calculate g(-1).
-17
Let n(u) = 6*u - 31. What is n(6)?
5
Let o(y) = -y**2 - 6*y - 8. What is o(-4)?
0
Let z(d) = d + 14. What is z(5)?
19
Let h(y) = 17*y - 37. Calculate h(4).
31
Let k(t) = t**2 - 3*t - 9. Give k(6).
9
Let h(k) = -100*k**2 - 1. What is h(-1)?
-101
Let s(c) = -c**3 + 3*c**2 + 3. Give s(3).
3
Let j(p) = -19*p**2 + p - 1. Give j(1).
-19
Let w(r) = r**2 - 12*r - 14. Calculate w(14).
14
Let i(x) = -x**3 - 9*x**2 + 4. Give i(-9).
4
Let y(j) = -j + 17. Give y(7).
10
Let b(v) = -v**3 + v**2 - v - 138. Give b(0).
-138
Let n(p) = p**2 - 10*p + 11. What is n(10)?
11
Let s(w) = 8*w + 5. Determine s(-5).
-35
Let q(i) = i**3 + 6*i**2 - 9*i + 2. Determine q(-8).
-54
Let h(y) = -2*y**2 - 20*y - 10. Determine h(-10).
-10
Let u(b) = -8*b + 21. What is u(-9)?
93
Let y(n) = -n**2 + n - 11. Calculate y(0).
-11
Let i(q) = 2*q**2 - 5*q - 68. Calculate i(7).
-5
Let l(s) = -s**3 - 15*s**2 - 24*s + 26. Determine l(-13).
0
Let v(q) = -2*q**2 + 6*q - 9. Give v(6).
-45
Let r(v) = -v**3 - 8*v**2 - 8*v + 3. Determine r(-6).
-21
Let g(p) = p**2 + 4*p + 3. Give g(-5).
8
Let a(o) = 3*o - 4. What is a(-1)?
-7
Let x(a) = -6*a + 97. Calculate x(16).
1
Let i(k) = -k**2 + 11*k - 28. Determine i(6).
2
Let n(j) = -2*j**2 - 18*j + 31. Give n(-7).
59
Let p(m) = -m**3 - m**2 - 2*m - 1. Give p(-3).
23
Let y(f) = 2*f**2 + 8*f + 33. Calculate y(-10).
153
Let a(r) = -16*r**3 - 2*r + 1. Calculate a(1).
-17
Let j(y) = y**2 + y - 7. Calculate j(0).
-7
Let d(p) = 16*p**2 - 34*p + 2. Determine d(3).
44
Let m(x) = x**3 + 18*x**2 - 2*x + 21. Determine m(-18).
57
Let b(d) = 55*d + 258. What is b(-5)?
-17
Let k(a) = a**2 - 31*a + 225. What is k(18)?
-9
Let z(n) = -2*n**2 + 3*n + 3. Determine z(3).
-6
Let q(z) = 8*z**3 - 4*z**2 - 8*z - 2. Give q(-1).
-6
Let o(t) = -27*t + 1. Give o(2).
-53
Let o(n) = n - 1. What is o(4)?
3
Let x(v) = -v**3 + 15*v**2 + 18*v - 36. Give x(16).
-4
Let z(j) = -j**2 + 16*j - 15. Determine z(10).
45
Let j(d) = -14*d + 1. What is j(1)?
-13
Let o(v) = 6*v + 13. Give o(-4).
-11
Let n(b) = -b**3 + b**2 + 5*b - 4. Calculate n(3).
-7
Let t(w) = w**3 + 6*w**2 - 11*w + 2. What is t(-7)?
30
Let z(d) = d**2 + 7*d - 14. Calculate z(-8).
-6
Let w(d) = -5*d + 119. Give w(22).
9
Let n(m) = -m**3 + 21*m**2 - 23. Determine n(21).
-23
Let u(h) = 19*h**2 - h. Determine u(1).
18
Let w(i) = 3*i**2 - 23*i + 38. What is w(8)?
46
Let w(l) = -l**3 - l**2 - 6*l. What is w(3)?
-54
Let g(c) = -c**2 + 10*c - 10. Give g(-8).
-154
Let z(f) = -21*f - 6. Calculate z(3).
-69
Let i(s) = -s + 18. Calculate i(4).
14
Let l(x) = x**2 - 8*x + 7. Determine l(7).
0
Let o(u) = 10*u + 7. Give o(-6).
-53
Let s(z) = 6*z - 120. Give s(18).
-12
Let t(f) = -f**2 - 8*f + 2. What is t(-11)?
-31
Let h(u) = u**2 - 6*u + 1. What is h(8)?
17
Let j(i) = -29*i + 86. What is j(3)?
-1
Let b(g) = -4*g**2 + 63*g - 56. What is b(15)?
-11
Let o(d) = d**2 - 3*d - 15. Calculate o(-5).
25
Let w(k) = -k**2 - 8*k + 16. What is w(-11)?
-17
Let n(s) = -s**3 + 5*s**2 - 5*s + 9. What is n(4)?
5
Let j(w) = -w**2 + 22*w - 15. Determine j(14).
97
Let l(x) = -37*x + 23. Calculate l(3).
-88
Let s(u) = -u**3 - 5*u**2 - 10*u - 3. Determine s(-4).
21
Let x(b) = 68*b**2 - 3*b - 1. Give x(-1).
70
Let f(w) = 5*w + 34. Give f(-6).
4
Let f(u) = u. Determine f(8).
8
Let p(q) = 6*q**2 - 54*q + 13. Calculate p(9).
13
Let d(g) = -3*g + 21. What is d(14)?
-21
Let c(z) = -z**3 - z**2 + 26. Calculate c(0).
26
Let q(n) = -3*n**2 + 5*n - 2. Give q(3).
-14
Let r(a) = -2*a**3 - 3*a**2 - 5*a - 5. Calculate r(-3).
37
Let p(c) = 30*c + 33. Calculate p(-1).
3
Let b(f) = -14*f + 4. Give b(-3).
46
Let w(i) = i**3 - 8*i**2 + 2*i - 10. What is w(5)?
-75
Let z(c) = -c**3 - 15*c**2 - 13*c + 10. Determine z(-14).
-4
Let p(k) = 49*k**2. Give p(1).
49
Let g(c) = -c**2 - 5*c - 8. Give g(-8).
-32
Let v(c) = c**2 + 5*c - 82. Calculate v(-12).
2
Let f(s) = 11*s**2 + s. Calculate f(1).
12
Let w(u) = -2*u**2 - 3*u + 7. Determine w(-6).
-47
Let f(c) = -2*c**3 - 22*c**2 - 8*c. What is f(-10)?
-120
Let l(z) = -2*z**3 + 3*z**2 + 5*z + 2. Give l(-2).
20
Let k(t) = -t. What is k(-12)?
12
Let h(c) = -2*c**2 - 19*c - 8. Calculate h(-11).
-41
Let z(c) = -c**2 + 8*c + 3. Calculate z(8).
3
Let y(t) = 8*t + 3. Calculate y(-1).
-5
Let h(o) = o**2 - 13*o - 16. Give h(15).
14
Let y(s) = -s - 8. Give y(-11).
3
Let h(z) = 3*z**2 - z + 8. Determine h(-3).
38
Let u(o) = -o**3 + 19*o**2 - 19*o + 19. Give u(18).
1
Let p(h) = 2*h**3 + 4*h**2 - 7. What is p(-5)?
-157
Let l(j) = 3*j - 126. Give l(39).
-9
Let t(y) = 3*y - 2. Determine t(-5).
-17
Let y(r) = -r**3 - 6*r**2 + r + 15. Calculate y(-6).
9
Let v(o) = -o**3 - 8*o**2 + o + 17. Determine v(-8).
9
Let x(j) = j**3 + j**2 + 2*j - 3. What is x(1)?
1
Let u(j) = 2*j - 14. What is u(10)?
6
Let i(h) = -6*h + 49. What is i(12)?
-23
Let i(b) = -b**3 - 5*b**2 - 6*b - 7. What is i(-4)?
1
Let q(y) = 6*y**2 + 7*y + 15. Determine q(-2).
25
Let r(f) = -f**2 + 6*f + 35. Determine r(-6).
-37
Let x(p) = p - 20. Calculate x(12).
-8
Let a(v) = v**3 + 3*v**2 - 13*v - 22. Calculate a(-5).
-7
Let l(z) = 4*z + 11. Give l(-3).
-1
Let i(j) = -j**3 - 12*j**2 - 23*j - 14. Determine i(-9).
-50
Let g(v) = -6*v - 36. What is g(-5)?
-6
Let m(s) = 2*s**2 + 58*s + 20. Determine m(-29).
20
Let z(w) = -8*w**2 + w - 1. Give z(2).
-31
Let p(a) = a**2 - 5*a - 8. Give p(7).
6
Let k(f) = -f**2 - 6*f + 6. What is k(-6)?
6
Let v(j) = j**2 + 10*j + 8. Give v(-10).
8
Let g(a) = 2*a**2 + 2*a + 2. Calculate g(-1).
2
Let j(q) = 6*q + 75. Calculate j(-12).
3
Let t(c) = c**3 - 21*c**2 - 43*c + 464. Give t(22).
2
Let o(n) = 2*n**2 - 9*n. Calculate o(3).
-9
Let l(t) = -t**3 + 4*t**2 - 7*t + 9. Give l(4).
-19
Let x(h) = -3*h**3 - h**2 - 3. Give x(-3).
69
Let n(j) = -j - 8. Calculate n(-4).
-4
Let w(t) = 2*t**3 - 10*t**2 - 7*t - 5. What is w(6)?
25
Let x(y) = y**2 + 6*y - 20. Give x(-4).
-28
Let b(q) = 4*q**2 - 8*q - 3. Calculate b(3).
9
Let c(t) = -2*t**2 - 30*t + 15. Give c(-16).
-17
Let x(w) = 8*w**3 - 3*w**2 - w. Calculate x(-2).
-74
Let u(n) = -64*n - 123. Determine u(-2).
5
Let m(v) = v**2 + 8*v + 1. Calculate m(-4).
-15
Let g(m) = m**3 - 11*m**2 - 2. Give g(11).
-2
Let r(i) = 9*i - 199. Give r(21).
-10
Let t(l) = -17*l + 305. What is t(18)?
-1
Let g(m) = -m**3 + 34*m**2 + 38*m - 102. Determine g(35).
3
Let i(t) = -4*t - 5. Calculate i(-2).
3
Let x(w) = -3*w - 16. Give x(7).
-37
Let n(c) = -c**3 - 4*c**2 + 8*c + 3. Give n(-6).
27
Let q(h) = h - 3. What is q(3)?
0
Let b(a) = 25*a + 237. What is b(-9)?
12
Let d(n) = -2*n**2 - 2. Calculate d(-4).
-34
Let g(y) = -y + 49. Calculate g(18).
31
Let r(w) = 2*w + 19. Determine r(-8).
3
Let i(p) = -p**2 + p + 4. Calculate i(-4).
-16
Let b(u) = -u**3 - 13*u**2 - 12*u - 8. Calculate b(-12).
-8
Let o(c) = 12*c + 257. Calculate o(-23).
-19
Let a(m) = -m**3 + 4*m**2 - m - 2. Give a(4).
-6
Let j(b) = b**3 - 4*b**2 - 2*b - 25. Give j(5).
-10
Let i(m) = -m**3 - 8*m**2 + 12*m - 23. Determine i(-10).
57
Let g(z) = 2*z - 6. What is g(4)?
2
Let n(r) = -5*r + 4. What is n(2)?
-6
Let b(l) = 2*l**3 - 26*l**2 + 29*l - 55. What is b(12)?
5
Let q(t) = t**2 + 3*t - 11. Determine q(-9).
43
Let r(s) = s**2 + 5*s + 1. What is r(-9)?
37
Let f(j) = 18*j - 151. Determine f(8).
-7
Let b(m) = -m**3 - m**2 + 2*m - 5. Calculate b(0).
-5
Let n(q) = q**2 - 3*q - 32. Give n(6).
-14
Let r(g) = 5*g + 38. Calculate r(-6).
8
Let f(w) = 2*w**2 - 10*w + 12. Calculate f(6).
24
Let k(i) = -i + 12. What is k(8)?
4
Let t(s) = 86*s - 604. Give t(7).
-2
Let p(b) = 2*b**2 + 20*b + 46. Calculate p(-5).
-4
Let u(g) = -g**3 - 14*g**2 + 12*g - 46. Give u(-15).
-1
Let j(c) = 2*c - 29. What is j(3)?
-23
Let y(h) = -h**3 - 4*h**2 + 2*h - 4. Give y(-4).
-12
Let x(g) = -g**2 - 16*g + 24. Give x(-17).
7
Let g(o) = -7*o**2 + 2*o. Give g(-1).
-9
Let z(w) = -w**3 - 2*w**2